 highest common factor of 360 and 18405?
45
Calculate the greatest common divisor of 28 and 108504.
4
Calculate the greatest common divisor of 38702 and 8954.
74
What is the greatest common factor of 3365222 and 92?
46
Calculate the greatest common factor of 4660 and 6320.
20
What is the greatest common divisor of 1652144 and 3666?
1222
Calculate the greatest common divisor of 427651 and 614.
307
What is the greatest common factor of 411528 and 468?
156
Calculate the greatest common factor of 2235 and 11010.
15
What is the greatest common factor of 816963 and 42?
21
What is the greatest common divisor of 23859 and 1?
1
What is the greatest common factor of 26 and 452114?
26
Calculate the greatest common divisor of 14022 and 95.
19
Calculate the highest common divisor of 154 and 564256.
154
Calculate the greatest common factor of 2864 and 13768.
8
What is the highest common factor of 84 and 545118?
42
What is the greatest common factor of 352080 and 8476?
652
What is the highest common divisor of 5 and 17245?
5
What is the highest common factor of 1026 and 107622?
54
Calculate the highest common divisor of 19392 and 119904.
96
What is the highest common divisor of 178472 and 56?
56
Calculate the greatest common divisor of 25270 and 114437.
361
Calculate the highest common factor of 309522 and 474.
474
What is the highest common factor of 3599 and 1121?
59
What is the greatest common factor of 5617 and 10686?
137
Calculate the highest common divisor of 18462 and 5338.
34
Calculate the greatest common divisor of 33 and 253825.
11
Calculate the highest common factor of 2279 and 2173.
53
What is the highest common divisor of 316179 and 5472?
171
Calculate the greatest common factor of 129 and 92751.
129
What is the greatest common divisor of 498508 and 204?
68
Calculate the highest common factor of 26943 and 9.
3
What is the greatest common divisor of 40399 and 4552?
569
Calculate the highest common factor of 5292 and 5697.
27
Calculate the highest common divisor of 777 and 3810741.
111
Calculate the highest common factor of 7 and 1939.
7
What is the highest common divisor of 26 and 29731?
13
What is the greatest common divisor of 500211 and 63?
9
Calculate the highest common factor of 131254 and 290.
58
What is the highest common factor of 1992 and 264?
24
Calculate the greatest common factor of 635 and 1855.
5
Calculate the highest common factor of 2760 and 13080.
120
Calculate the greatest common divisor of 7176 and 3328.
104
Calculate the greatest common divisor of 343371 and 498.
249
Calculate the greatest common factor of 19 and 385605.
19
What is the highest common divisor of 2550 and 391578?
102
Calculate the highest common divisor of 91 and 20137.
13
What is the highest common factor of 33571 and 826?
59
Calculate the highest common divisor of 71628 and 14732.
508
What is the highest common divisor of 1616 and 88678?
202
Calculate the greatest common divisor of 10032290 and 41.
41
What is the greatest common divisor of 672 and 5592?
24
What is the highest common factor of 1320 and 5874?
66
Calculate the greatest common divisor of 8188927 and 71.
71
Calculate the greatest common factor of 180389 and 253.
253
Calculate the highest common factor of 6525 and 495.
45
Calculate the greatest common factor of 22796 and 2050.
82
Calculate the highest common divisor of 8851587 and 57.
57
Calculate the highest common factor of 7397 and 205409.
569
Calculate the greatest common factor of 81738 and 1710.
342
Calculate the greatest common factor of 18331 and 23.
23
Calculate the highest common factor of 13 and 151450.
13
What is the highest common factor of 12290 and 10?
10
What is the greatest common divisor of 18 and 973188?
18
Calculate the highest common divisor of 250 and 3010875.
125
Calculate the greatest common factor of 213 and 11232129.
213
What is the highest common divisor of 5232564 and 36?
36
Calculate the highest common divisor of 2322803 and 167.
167
Calculate the highest common factor of 1106 and 1526.
14
What is the highest common factor of 6600 and 85650?
150
Calculate the greatest common divisor of 796 and 3393547.
199
Calculate the highest common factor of 1440 and 13868640.
1440
What is the greatest common factor of 318 and 58406?
106
What is the greatest common factor of 1952 and 2623?
61
Calculate the greatest common divisor of 3842 and 2584.
34
Calculate the highest common factor of 37209 and 18723.
237
Calculate the highest common divisor of 37 and 15695326.
37
What is the greatest common divisor of 14703980 and 340?
340
Calculate the greatest common divisor of 44 and 902.
22
What is the greatest common divisor of 1153475 and 925?
925
What is the highest common divisor of 21 and 96299?
7
What is the highest common factor of 124 and 3682211?
31
What is the highest common divisor of 56484 and 324?
108
What is the greatest common factor of 149254 and 28?
14
Calculate the highest common factor of 226332 and 36.
36
Calculate the highest common factor of 292 and 43256.
4
What is the greatest common divisor of 4933 and 19?
1
Calculate the greatest common divisor of 16196 and 12.
4
What is the highest common factor of 50895 and 2415?
15
What is the highest common divisor of 10176 and 503394?
318
What is the highest common divisor of 511 and 13958?
7
Calculate the greatest common divisor of 19827 and 18.
9
What is the greatest common divisor of 8679 and 66?
33
What is the highest common factor of 596 and 4444?
4
What is the highest common factor of 64 and 1678528?
64
Calculate the greatest common factor of 1375 and 220.
55
What is the greatest common factor of 49960 and 30?
10
What is the greatest common divisor of 1441 and 17423?
131
Calculate the greatest common divisor of 663 and 763776.
663
What is the greatest common factor of 1768 and 2958?
34
Calculate the highest common factor of 495 and 44235.
45
Calculate the highest common factor of 32103 and 696.
87
Calculate the highest common divisor of 85481 and 12331.
209
What is the highest common factor of 1890 and 367794?
378
Calculate the greatest common divisor of 722 and 3838.
38
Calculate the greatest common divisor of 4410 and 180.
90
Calculate the greatest common divisor of 983680 and 31320.
1160
Calculate the greatest common factor of 2392 and 323656.
184
Calculate the highest common factor of 51458 and 44.
22
Calculate the highest common divisor of 396 and 1996236.
396
Calculate the highest common divisor of 3605 and 5871.
103
Calculate the greatest common factor of 74800 and 550.
550
Calculate the highest common divisor of 13 and 65221.
13
Calculate the greatest common factor of 8676 and 684.
36
What is the greatest common factor of 35312 and 8000?
16
What is the highest common divisor of 4484 and 18848?
76
Calculate the highest common divisor of 24 and 12746688.
24
Calculate the highest common factor of 31329 and 413.
59
What is the highest common factor of 35856 and 192?
48
What is the highest common divisor of 351 and 68211?
117
What is the greatest common factor of 5191 and 26?
1
What is the greatest common divisor of 61030 and 1700?
170
What is the highest common divisor of 416 and 19682?
26
What is the greatest common divisor of 2862 and 204951?
159
What is the highest common divisor of 16 and 6755088?
16
Calculate the highest common divisor of 945546 and 8883.
987
What is the highest common factor of 135 and 297963?
9
What is the highest common divisor of 6144 and 60?
12
Calculate the greatest common divisor of 345 and 214875.
15
Calculate the highest common factor of 663 and 287430.
39
Calculate the highest common factor of 240570 and 10.
10
What is the highest common divisor of 62874 and 70?
14
What is the highest common divisor of 70 and 10530?
10
Calculate the highest common factor of 44154 and 1115.
223
What is the highest common factor of 528 and 66684?
12
Calculate the highest common factor of 255 and 17748.
51
What is the highest common divisor of 2134 and 44?
22
What is the greatest common factor of 3705 and 165?
15
What is the greatest common factor of 1081511 and 2019?
673
What is the greatest common factor of 18416540 and 20?
20
What is the highest common divisor of 16 and 3664?
16
Calculate the greatest common divisor of 230 and 1705910.
230
What is t